91
What is the remainder when 1134 is divided by 5?
4
Calculate the remainder when 282 is divided by 57.
54
Calculate the remainder when 209 is divided by 48.
17
Calculate the remainder when 689 is divided by 62.
7
Calculate the remainder when 2522 is divided by 1261.
0
Calculate the remainder when 1514 is divided by 372.
26
What is the remainder when 157 is divided by 144?
13
Calculate the remainder when 23 is divided by 9.
5
Calculate the remainder when 228 is divided by 33.
30
What is the remainder when 1105 is divided by 220?
5
Calculate the remainder when 4479 is divided by 6.
3
Calculate the remainder when 551 is divided by 37.
33
What is the remainder when 3250 is divided by 1081?
7
What is the remainder when 5022 is divided by 67?
64
Calculate the remainder when 16 is divided by 2.
0
Calculate the remainder when 317 is divided by 32.
29
Calculate the remainder when 2987 is divided by 115.
112
Calculate the remainder when 257 is divided by 74.
35
Calculate the remainder when 119 is divided by 76.
43
Calculate the remainder when 120 is divided by 22.
10
Calculate the remainder when 1366 is divided by 135.
16
What is the remainder when 3915 is divided by 14?
9
What is the remainder when 316 is divided by 29?
26
Calculate the remainder when 136 is divided by 126.
10
Calculate the remainder when 31 is divided by 22.
9
Calculate the remainder when 100 is divided by 37.
26
Calculate the remainder when 9021 is divided by 3007.
0
Calculate the remainder when 90 is divided by 31.
28
Calculate the remainder when 64 is divided by 37.
27
What is the remainder when 235 is divided by 212?
23
Calculate the remainder when 1059 is divided by 181.
154
Calculate the remainder when 1893 is divided by 13.
8
Calculate the remainder when 645 is divided by 12.
9
What is the remainder when 164 is divided by 43?
35
What is the remainder when 26960 is divided by 214?
210
Calculate the remainder when 285 is divided by 33.
21
Calculate the remainder when 173 is divided by 35.
33
What is the remainder when 725 is divided by 33?
32
Calculate the remainder when 4772 is divided by 43.
42
Calculate the remainder when 20 is divided by 7.
6
Calculate the remainder when 335 is divided by 42.
41
What is the remainder when 4609 is divided by 87?
85
Calculate the remainder when 231 is divided by 87.
57
Calculate the remainder when 4309 is divided by 227.
223
Calculate the remainder when 51 is divided by 18.
15
Calculate the remainder when 157 is divided by 28.
17
What is the remainder when 439 is divided by 54?
7
Calculate the remainder when 284 is divided by 7.
4
What is the remainder when 47 is divided by 4?
3
What is the remainder when 1009 is divided by 92?
89
What is the remainder when 53 is divided by 5?
3
Calculate the remainder when 58 is divided by 9.
4
What is the remainder when 107 is divided by 37?
33
What is the remainder when 71 is divided by 28?
15
What is the remainder when 67 is divided by 23?
21
Calculate the remainder when 2779 is divided by 925.
4
Calculate the remainder when 58 is divided by 8.
2
What is the remainder when 538 is divided by 64?
26
What is the remainder when 252 is divided by 223?
29
Calculate the remainder when 1041 is divided by 186.
111
Calculate the remainder when 2388 is divided by 298.
4
What is the remainder when 29 is divided by 14?
1
Calculate the remainder when 118 is divided by 55.
8
What is the remainder when 322 is divided by 96?
34
Calculate the remainder when 315 is divided by 62.
5
What is the remainder when 443 is divided by 119?
86
Calculate the remainder when 78 is divided by 16.
14
What is the remainder when 182 is divided by 92?
90
What is the remainder when 1620 is divided by 2?
0
Calculate the remainder when 609 is divided by 13.
11
Calculate the remainder when 4069 is divided by 69.
67
Calculate the remainder when 73 is divided by 38.
35
Calculate the remainder when 273 is divided by 8.
1
Calculate the remainder when 4800 is divided by 209.
202
What is the remainder when 41 is divided by 3?
2
Calculate the remainder when 159 is divided by 28.
19
What is the remainder when 2383 is divided by 120?
103
Calculate the remainder when 209 is divided by 53.
50
What is the remainder when 309 is divided by 15?
9
What is the remainder when 252 is divided by 15?
12
Calculate the remainder when 1121 is divided by 389.
343
Calculate the remainder when 130 is divided by 29.
14
Calculate the remainder when 1998 is divided by 664.
6
Calculate the remainder when 419 is divided by 82.
9
What is the remainder when 369 is divided by 53?
51
What is the remainder when 1029 is divided by 482?
65
Calculate the remainder when 212 is divided by 10.
2
What is the remainder when 327 is divided by 94?
45
Calculate the remainder when 1101 is divided by 124.
109
What is the remainder when 1031 is divided by 45?
41
What is the remainder when 131 is divided by 36?
23
Calculate the remainder when 3160 is divided by 18.
10
Calculate the remainder when 583 is divided by 7.
2
What is the remainder when 522 is divided by 4?
2
What is the remainder when 782 is divided by 96?
14
What is the remainder when 1427 is divided by 45?
32
What is the remainder when 607 is divided by 68?
63
Calculate the remainder when 155 is divided by 29.
10
Calculate the remainder when 135 is divided by 119.
16
Calculate the remainder when 1149 is divided by 126.
15
What is the remainder when 4496 is divided by 68?
8
Calculate the remainder when 20663 is divided by 7.
6
What is the remainder when 4504 is divided by 500?
4
Calculate the remainder when 463 is divided by 168.
127
What is the remainder when 315 is divided by 2?
1
Calculate the remainder when 105 is divided by 48.
9
What is the remainder when 1356 is divided by 8?
4
Calculate the remainder when 45 is divided by 23.
22
Calculate the remainder when 1619 is divided by 14.
9
What is the remainder when 56 is divided by 16?
8
What is the remainder when 315 is divided by 25?
15
Calculate the remainder when 176 is divided by 173.
3
What is the remainder when 2307 is divided by 232?
219
What is the remainder when 113 is divided by 39?
35
What is the remainder when 83 is divided by 15?
8
Calculate the remainder when 159 is divided by 29.
14
What is the remainder when 302 is divided by 22?
16
What is the remainder when 2617 is divided by 138?
133
Calculate the remainder when 42 is divided by 15.
12
Calculate the remainder when 2163 is divided by 1081.
1
What is the remainder when 365 is divided by 5?
0
What is the remainder when 38 is divided by 21?
17
Calculate the remainder when 8 is divided by 6.
2
Calculate the remainder when 17 is divided by 14.
3
What is the remainder when 4426 is divided by 57?
37
Calculate the remainder when 970 is divided by 32.
10
Calculate the remainder when 308 is divided by 14.
0
Calculate the remainder when 105 is divided by 29.
18
What is the remainder when 2524 is divided by 115?
109
What is the remainder when 6494 is divided by 15?
14
Calculate the remainder when 1491 is divided by 380.
351
What is the remainder when 212 is divided by 152?
60
Calculate the remainder when 333 is divided by 24.
21
What is the remainder when 224 is divided by 39?
29
What is the remainder when 2015 is divided by 228?
191
Calculate the remainder when 915 is divided by 102.
99
Calculate the remainder when 484 is divided by 222.
40
What is the remainder when 9359 is divided by 90?
89
Calculate the remainder when 256 is divided by 22.
14
Calculate the remainder when 13488 is divided by 38.
36
Calculate the remainder when 367 is divided by 92.
91
What is the remainder when 664 is divided by 130?
14
Calculate the remainder when 27141 is divided by 13.
10
What is the remainder when 8171 is divided by 12?
11
What is the remainder when 531 is divided by 107?
103
What is the remainder when 1805 is divided by 79?
67
Calculate the remainder when 585 is divided by 54.
45
Calculate the remainder when 495 is divided by 62.
61
What is the remainder when 30 is divided by 27?
3
Calculate the remainder when 1341 is divided by 28.
25
Calculate the remainder when 548 is divided by 45.
8
What is the remainder when 303 is divided by 31?
24
Calculate the remainder when 222 is divided by 76.
70
What is the remainder when 640 is divide